are the prime factors of 17387865?
3, 5, 11, 1301
List the prime factors of 1706444569.
31, 73, 103, 7321
What are the prime factors of 712918441?
16883, 42227
What are the prime factors of 2260379231?
11, 2621, 78401
List the prime factors of 3368363103.
3, 7, 107, 166561
What are the prime factors of 66680155?
5, 13336031
List the prime factors of 41324091.
3, 13774697
What are the prime factors of 8781928?
2, 17, 31, 2083
List the prime factors of 76279971.
3, 25426657
What are the prime factors of 1182427562?
2, 23, 53, 484999
List the prime factors of 512681441.
31, 16538111
List the prime factors of 13279490.
2, 5, 7, 41, 661
List the prime factors of 231823448.
2, 29, 999239
What are the prime factors of 59451186?
2, 3, 9908531
What are the prime factors of 3372438797?
7, 13, 29, 701, 1823
List the prime factors of 747915806.
2, 11, 73, 465701
What are the prime factors of 21511647?
3, 17, 23, 6113
List the prime factors of 3271460289.
3, 3121, 349403
List the prime factors of 1376863686.
2, 3, 11, 307, 22651
What are the prime factors of 102785474?
2, 11, 109, 42863
List the prime factors of 1047914850.
2, 3, 5, 17, 131, 3137
What are the prime factors of 105172211?
4943, 21277
List the prime factors of 123718417.
37, 3343741
List the prime factors of 494672855.
5, 1487, 66533
What are the prime factors of 392671371?
3, 130890457
List the prime factors of 3742879230.
2, 3, 5, 127, 317, 1033
List the prime factors of 3685795350.
2, 3, 5, 751, 32719
List the prime factors of 332028936.
2, 3, 887, 1733
What are the prime factors of 302212673?
7, 1297, 33287
List the prime factors of 54171806.
2, 13, 2083531
What are the prime factors of 208148675?
5, 7, 997, 1193
What are the prime factors of 1558575773?
281, 5546533
List the prime factors of 83812834.
2, 7, 863, 991
List the prime factors of 59716157.
3671, 16267
What are the prime factors of 621357933?
3, 7, 67, 441619
What are the prime factors of 512784286?
2, 7, 36627449
List the prime factors of 59876107.
23, 233, 11173
What are the prime factors of 400595555?
5, 449, 178439
What are the prime factors of 685405340?
2, 5, 3271, 10477
What are the prime factors of 80110090?
2, 5, 47, 170447
What are the prime factors of 122964554?
2, 313, 196429
What are the prime factors of 285345969?
3, 17, 521, 10739
What are the prime factors of 101893978?
2, 50946989
List the prime factors of 496430497.
29, 31, 47, 379
List the prime factors of 2032563612.
2, 3, 169380301
What are the prime factors of 8969577?
3, 19, 37, 4253
List the prime factors of 1902526.
2, 73, 83, 157
List the prime factors of 713245937.
713245937
What are the prime factors of 822814768?
2, 51425923
What are the prime factors of 28554236?
2, 43, 166013
What are the prime factors of 40322278?
2, 20161139
What are the prime factors of 1242815523?
3, 83, 127, 39301
What are the prime factors of 27237652?
2, 13, 523801
What are the prime factors of 30480517?
30480517
List the prime factors of 246939556.
2, 41, 1505729
List the prime factors of 36649390.
2, 5, 443, 8273
List the prime factors of 666489445.
5, 133297889
List the prime factors of 1051561840.
2, 5, 7, 19, 23, 4297
List the prime factors of 669315433.
23, 29100671
List the prime factors of 1588360586.
2, 367, 2163979
List the prime factors of 1291967790.
2, 3, 5, 43065593
List the prime factors of 9428182.
2, 491, 9601
List the prime factors of 88717237.
7, 17, 79, 9437
List the prime factors of 107896512.
2, 3, 561961
What are the prime factors of 1228081539?
3, 409360513
List the prime factors of 257080724.
2, 64270181
What are the prime factors of 27377470?
2, 5, 2737747
List the prime factors of 3024177029.
14519, 208291
What are the prime factors of 2246924391?
3, 17, 44057341
What are the prime factors of 6746408378?
2, 157, 659, 32603
List the prime factors of 35146553.
13, 23, 41, 47, 61
List the prime factors of 8283707.
743, 11149
List the prime factors of 821326463.
811, 1012733
What are the prime factors of 97679584?
2, 179, 17053
List the prime factors of 2538214298.
2, 1269107149
List the prime factors of 767010189.
3, 11, 23242733
What are the prime factors of 590622033?
3, 29, 6788759
List the prime factors of 266750640.
2, 3, 5, 13, 28499
What are the prime factors of 392849564?
2, 191, 514201
List the prime factors of 296149918.
2, 467, 317077
What are the prime factors of 532351329?
3, 19, 853, 10949
What are the prime factors of 113439056?
2, 7089941
List the prime factors of 34816026.
2, 3, 7, 828953
List the prime factors of 936504521.
37, 83, 467, 653
What are the prime factors of 264026299?
19, 1699, 8179
List the prime factors of 36799607.
13, 349, 8111
What are the prime factors of 367370764?
2, 379, 242329
List the prime factors of 95054523.
3, 41, 727, 1063
What are the prime factors of 1054337689?
1054337689
List the prime factors of 1274287543.
1274287543
What are the prime factors of 1615197?
3, 538399
List the prime factors of 966685437.
3, 107409493
List the prime factors of 206158376.
2, 37, 696481
What are the prime factors of 87778018?
2, 43889009
List the prime factors of 63041445.
3, 5, 31, 45191
List the prime factors of 823110235.
5, 164622047
List the prime factors of 243908868.
2, 3, 7, 31, 13381
What are the prime factors of 25154395?
5, 7, 83, 1237
What are the prime factors of 12418904?
2, 47, 33029
What are the prime factors of 93229993?
4289, 21737
What are the prime factors of 61742521?
17, 563, 6451
List the prime factors of 100482098.
2, 31, 1620679
What are the prime factors of 3291562776?
2, 3, 157, 683, 1279
What are the prime factors of 7349544649?
43, 11839, 14437
What are the prime factors of 837388172?
2, 101, 2072743
What are the prime factors of 162212643?
3, 73, 246899
What are the prime factors of 766090413?
3, 11, 79, 103, 317
List the prime factors of 121150669.
19, 6376351
List the prime factors of 1536687410.
2, 5, 809, 189949
What are the prime factors of 7303784363?
149, 49018687
List the prime factors of 1403798796.
2, 3, 37, 351301
List the prime factors of 32483300.
2, 5, 157, 2069
What are the prime factors of 224045686?
2, 17, 6589579
What are the prime factors of 616753575?
3, 5, 913709
What are the prime factors of 2681348745?
3, 5, 37, 307, 15737
List the prime factors of 902718461.
8269, 109169
List the prime factors of 97262894.
2, 48631447
What are the prime factors of 407987673?
3, 135995891
List the prime factors of 65735925.
3, 5, 876479
List the prime factors of 120108375.
3, 5, 241, 443
What are the prime factors of 423772738?
2, 73, 39761
What are the prime factors of 3861509438?
2, 17, 3529, 32183
What are the prime factors of 55427121?
3, 41, 150209
What are the prime factors of 68855159?
97, 709847
What are the prime factors of 71489041?
13, 5499157
List the prime factors of 134546313.
3, 11, 17, 21803
List the prime factors of 724395388.
2, 2293, 78979
What are the prime factors of 837579302?
2, 7, 317, 188729
What are the prime factors of 103306607?
73, 139, 10181
List the prime factors of 82899492.
2, 3, 13, 227, 2341
List the prime factors of 570916597.
570916597
List the prime factors of 151905156.
2, 3, 13, 23, 42337
What are the prime factors of 48183113?
11, 4380283
What are the prime factors of 1160286965?
5, 19, 2213, 5519
What are the prime factors of 26785980?
2, 3, 5, 13, 11447
What are the prime factors of 1176762878?
2, 83, 7088933
List the prime factors of 179995548.
2, 3, 31, 59, 139
What are the prime factors of 3305884912?
2, 11, 18783437
What are the prime factors of 894622861?
11, 1303, 62417
List the prime factors of 90571217.
11, 23, 357989
List the prime factors of 68920674.
2, 3, 11486779
What are the prime factors of 616394182?
2, 79, 3901229
What are the prime factors of 5624051?
31, 181421
What are the prime factors of 892988382?
2, 3, 11, 13, 1040779
What are the prime factors of 3012369059?
7, 430338437
What are the prime factors of 9377337?
3, 3125779
List the prime factors of 685400024.
2, 85675003
List the prime factors of 45482518.
2, 31, 563, 1303
What are the prime factors of 4752784?
2, 297049
List the prime factors of 45134385.
3, 5, 619, 4861
What are the prime factors of 616224741?
3, 11, 29, 457, 1409
List the prime factors of 3805105